{"id":853,"date":"2013-11-05T21:49:27","date_gmt":"2013-11-05T21:49:27","guid":{"rendered":"http:\/\/www.lecturavertical.com\/?page_id=853"},"modified":"2021-03-24T18:36:36","modified_gmt":"2021-03-24T18:36:36","slug":"escritura-eficaz","status":"publish","type":"page","link":"https:\/\/www.lecturavertical.com\/es\/in-company_\/escritura-eficaz\/","title":{"rendered":"Comunicaci\u00f3n Escrita"},"content":{"rendered":"<p><span style=\"color: #808080;\"><strong>\u00bfCOMUNICACI\u00d3N ESCRITA? <br \/>\u00bfPOR QU\u00c9?<\/strong><\/span><\/p>\n<p><strong><span style=\"color: #ff9900;\">Para transmitir con \u00e9xito nuestros mensajes, en papel o en pantalla, <br \/>mediante una argumentaci\u00f3n clara y convincente.<\/span><\/strong><\/p>\n<p><strong><span style=\"color: #808080;\">Saber escribir bien es indispensable para conseguir nuestros objetivos.<br \/><strong>La manera como nos comunicamos por escrito refleja nuestra calidad profesional<\/strong>.<br \/><\/span><\/strong><\/p>\n<p>Mails, cartas, informes, documentaci\u00f3n interna, historias cl\u00ednicas, presentaciones\u2026<br \/> La comunicaci\u00f3n escrita est\u00e1 en todas partes, en papel o en pantalla. <br \/>\u00a1Hay que hacerlo bien! \u00a1No podemos equivocarnos!<\/p>\n<p>\u00bfC\u00f3mo comunicar exactamente lo que queremos decir sin que se nos interprete mal?<br \/> \u00bfC\u00f3mo sintetizar la idea que queremos comunicar para que nuestro<br \/> interlocutor no se pierda en detalles in\u00fatiles?<br \/> \u00bfC\u00f3mo redactar una ponencia que capte la atenci\u00f3n del p\u00fablico asistente ?<br \/> \u00bfC\u00f3mo transmitir un determinado mensaje en funci\u00f3n de la persona a la que nos dirigimos?<br \/> <span style=\"color: #808080;\"><strong><br \/> La respuesta a todas estas preguntas es <strong>aprender a redactar bien y<br \/>a argumentar de forma coherente<\/strong>.<\/strong><\/span><\/p>\n<p><span style=\"color: #808080;\"><strong>*LA METODOLOG\u00cdA<\/strong><\/span><\/p>\n<p><span style=\"color: #808080;\">Introducimos cada sesi\u00f3n con una breve explicaci\u00f3n te\u00f3rica.<br \/> La parte pr\u00e1ctica es la m\u00e1s importante y corresponde<br \/> a los ejercicios de aplicaci\u00f3n directa de cada punto de la teor\u00eda<br \/> que habr\u00e1n de realizar los propios alumnos en cada sesi\u00f3n.<br \/> <\/span><\/p>\n<p><span style=\"color: #808080;\"><strong>*EL PROGRAMA DE LA FORMACI\u00d3N<\/strong><\/span><\/p>\n<p><span style=\"color: #808080;\"><strong>1- La forma<br \/> <\/strong><\/span><\/p>\n<ul>\n<li>La cohesi\u00f3n: los conectores<\/li>\n<li><span style=\"color: #808080;\">La puntuaci\u00f3n<\/span><\/li>\n<li>Lo<span style=\"color: #808080;\">s e-mails<\/span><\/li>\n<\/ul>\n<p><strong><span style=\"color: #808080;\">2- La comunicaci\u00f3n<br \/> <\/span><\/strong><\/p>\n<ul>\n<li><span style=\"color: #808080;\">El tema: de qu\u00e9 queremos hablar<\/span><\/li>\n<li>El <span style=\"color: #808080;\">objectivo: qu\u00e9 queremos conseguir con nuestro escrito<\/span><\/li>\n<li><span style=\"color: #808080;\">El destinatario: a qui\u00e9n va dirigido el escrito<\/span><\/li>\n<li><span style=\"color: #808080;\">Como llegar al destinatario de forma emp\u00e1tica<\/span><\/li>\n<\/ul>\n<p><span style=\"color: #808080;\"><strong>3- La t\u00e9cnica<\/strong><\/span><\/p>\n<ul>\n<li><span style=\"color: #808080;\">La coherencia: el <em>brainstorming <\/em>y la ordenaci\u00f3n l\u00f3gica de las ideas<br \/><\/span><\/li>\n<li><span style=\"color: #808080;\">El redactado: el cuerpo del redactado, la introducci\u00f3n, la conclusi\u00f3n<br \/><\/span><\/li>\n<li><span style=\"color: #808080;\">T\u00e9cnicas para desbloquejar el pensamiento<\/span><\/li>\n<\/ul>\n<p><span style=\"color: #808080;\"><strong>Curso de 6 sesiones<\/strong>, a raz\u00f3n de dos horas por sesi\u00f3n.<\/span><br \/> <span style=\"color: #808080;\"> <strong>N\u00famero de alumnos: <\/strong>de 15 a 20 por curso.<\/span><\/p>\n<p><span style=\"color: #808080;\">Una vez finalizado el curso, ofrecemos la posibilidad de un soporte personalizado<br \/> (correcci\u00f3n de estilo de conferencias, presentaciones, redactado de argumentarios, cartas\u2026)<br \/> <\/span><\/p>\n<div style=\"border-top: 1px solid #ff9900; border-bottom: 1px solid #ff9900; width: 525px; height: 196px; padding: 20px;\">\n<div style=\"float: left; width: 182px; height: 100px;\"><img decoding=\"async\" loading=\"lazy\" title=\"IE-Flor-150x150\" alt=\"Escriptura Efica\u00e7\" src=\"http:\/\/www.lecturavertical.com\/wp-content\/uploads\/2013\/11\/IE-Flor-150x150.jpg\" width=\"150\" height=\"150\" \/><\/div>\n<div style=\"float: left; width: 303px; height: 100px;\"><span style=\"color: #ff6600;\"><span style=\"color: #000000;\"><span style=\"color: #808080;\"><br \/> Para organizar este curso,<br \/> contacta con nosotros por e-mail\u00a0<\/span><strong><a href=\"mailto:info@lecturavertical.com\"><br \/><\/a><\/strong><\/span><a href=\"mailto:zeneida.sarda@gmail.com\">zeneida.sarda@gmail.com<\/a><br \/> <\/span><span style=\"color: #808080;\"> o por tel\u00e9fono al +34 699 455 946<\/span><\/div>\n<\/div>\n","protected":false},"excerpt":{"rendered":"<p>\u00bfCOMUNICACI\u00d3N ESCRITA? \u00bfPOR QU\u00c9? Para transmitir con \u00e9xito nuestros mensajes, en papel o en pantalla, mediante una argumentaci\u00f3n clara y convincente. Saber escribir bien es indispensable para conseguir nuestros objetivos.La manera como nos comunicamos por escrito refleja nuestra calidad profesional. Mails, cartas, informes, documentaci\u00f3n interna, historias cl\u00ednicas, presentaciones\u2026 La comunicaci\u00f3n escrita est\u00e1 en todas partes, [&hellip;]<\/p>\n","protected":false},"author":2,"featured_media":0,"parent":808,"menu_order":0,"comment_status":"closed","ping_status":"closed","template":"","meta":[],"_links":{"self":[{"href":"https:\/\/www.lecturavertical.com\/es\/wp-json\/wp\/v2\/pages\/853"}],"collection":[{"href":"https:\/\/www.lecturavertical.com\/es\/wp-json\/wp\/v2\/pages"}],"about":[{"href":"https:\/\/www.lecturavertical.com\/es\/wp-json\/wp\/v2\/types\/page"}],"author":[{"embeddable":true,"href":"https:\/\/www.lecturavertical.com\/es\/wp-json\/wp\/v2\/users\/2"}],"replies":[{"embeddable":true,"href":"https:\/\/www.lecturavertical.com\/es\/wp-json\/wp\/v2\/comments?post=853"}],"version-history":[{"count":34,"href":"https:\/\/www.lecturavertical.com\/es\/wp-json\/wp\/v2\/pages\/853\/revisions"}],"predecessor-version":[{"id":5236,"href":"https:\/\/www.lecturavertical.com\/es\/wp-json\/wp\/v2\/pages\/853\/revisions\/5236"}],"up":[{"embeddable":true,"href":"https:\/\/www.lecturavertical.com\/es\/wp-json\/wp\/v2\/pages\/808"}],"wp:attachment":[{"href":"https:\/\/www.lecturavertical.com\/es\/wp-json\/wp\/v2\/media?parent=853"}],"curies":[{"name":"wp","href":"https:\/\/api.w.org\/{rel}","templated":true}]}}

Comunicación Escrita

<p><span style="color: #808080;"><strong>¿COMUNICACIÓN ESCRITA? <br />¿POR QUÉ?</strong></span></p>
<p><strong><span style="color: #ff9900;">Para transmitir con éxito nuestros mensajes, en papel o en pantalla, <br />mediante una argumentación clara y convincente.</span></strong></p>
<p><strong><span style="color: #808080;">Saber escribir bien es indispensable para conseguir nuestros objetivos.<br /><strong>La manera como nos comunicamos por escrito refleja nuestra calidad profesional</strong>.<br /></span></strong></p>
<p>Mails, cartas, informes, documentación interna, historias clínicas, presentaciones…<br /> La comunicación escrita está en todas partes, en papel o en pantalla. <br />¡Hay que hacerlo bien! ¡No podemos equivocarnos!</p>
<p>¿Cómo comunicar exactamente lo que queremos decir sin que se nos interprete mal?<br /> ¿Cómo sintetizar la idea que queremos comunicar para que nuestro<br /> interlocutor no se pierda en detalles inútiles?<br /> ¿Cómo redactar una ponencia que capte la atención del público asistente ?<br /> ¿Cómo transmitir un determinado mensaje en función de la persona a la que nos dirigimos?<br /> <span style="color: #808080;"><strong><br /> La respuesta a todas estas preguntas es <strong>aprender a redactar bien y<br />a argumentar de forma coherente</strong>.</strong></span></p>
<p><span style="color: #808080;"><strong>*LA METODOLOGÍA</strong></span></p>
<p><span style="color: #808080;">Introducimos cada sesión con una breve explicación teórica.<br /> La parte práctica es la más importante y corresponde<br /> a los ejercicios de aplicación directa de cada punto de la teoría<br /> que habrán de realizar los propios alumnos en cada sesión.<br /> </span></p>
<p><span style="color: #808080;"><strong>*EL PROGRAMA DE LA FORMACIÓN</strong></span></p>
<p><span style="color: #808080;"><strong>1- La forma<br /> </strong></span></p>
<ul>
<li>La cohesión: los conectores</li>
<li><span style="color: #808080;">La puntuación</span></li>
<li>Lo<span style="color: #808080;">s e-mails</span></li>
</ul>
<p><strong><span style="color: #808080;">2- La comunicación<br /> </span></strong></p>
<ul>
<li><span style="color: #808080;">El tema: de qué queremos hablar</span></li>
<li>El <span style="color: #808080;">objectivo: qué queremos conseguir con nuestro escrito</span></li>
<li><span style="color: #808080;">El destinatario: a quién va dirigido el escrito</span></li>
<li><span style="color: #808080;">Como llegar al destinatario de forma empática</span></li>
</ul>
<p><span style="color: #808080;"><strong>3- La técnica</strong></span></p>
<ul>
<li><span style="color: #808080;">La coherencia: el <em>brainstorming </em>y la ordenación lógica de las ideas<br /></span></li>
<li><span style="color: #808080;">El redactado: el cuerpo del redactado, la introducción, la conclusión<br /></span></li>
<li><span style="color: #808080;">Técnicas para desbloquejar el pensamiento</span></li>
</ul>
<p><span style="color: #808080;"><strong>Curso de 6 sesiones</strong>, a razón de dos horas por sesión.</span><br /> <span style="color: #808080;"> <strong>Número de alumnos: </strong>de 15 a 20 por curso.</span></p>
<p><span style="color: #808080;">Una vez finalizado el curso, ofrecemos la posibilidad de un soporte personalizado<br /> (corrección de estilo de conferencias, presentaciones, redactado de argumentarios, cartas…)<br /> </span></p>
<div style="border-top: 1px solid #ff9900; border-bottom: 1px solid #ff9900; width: 525px; height: 196px; padding: 20px;">
<div style="float: left; width: 182px; height: 100px;"><img decoding="async" loading="lazy" title="IE-Flor-150x150" alt="Escriptura Eficaç" src="http://www.lecturavertical.com/wp-content/uploads/2013/11/IE-Flor-150x150.jpg" width="150" height="150" /></div>
<div style="float: left; width: 303px; height: 100px;"><span style="color: #ff6600;"><span style="color: #000000;"><span style="color: #808080;"><br /> Para organizar este curso,<br /> contacta con nosotros por e-mail </span><strong><a href="mailto:info@lecturavertical.com"><br /></a></strong></span><a href="mailto:zeneida.sarda@gmail.com">zeneida.sarda@gmail.com</a><br /> </span><span style="color: #808080;"> o por teléfono al +34 699 455 946</span></div>
</div>

<p>¿COMUNICACIÓN ESCRITA? ¿POR QUÉ? Para transmitir con éxito nuestros mensajes, en papel o en pantalla, mediante una argumentación clara y convincente. Saber escribir bien es indispensable para conseguir nuestros objetivos.La manera como nos comunicamos por escrito refleja nuestra calidad profesional. Mails, cartas, informes, documentación interna, historias clínicas, presentaciones… La comunicación escrita está en todas partes, [&hellip;]</p>
