{"id":899,"date":"2013-11-06T12:24:57","date_gmt":"2013-11-06T12:24:57","guid":{"rendered":"http:\/\/www.lecturavertical.com\/?page_id=899"},"modified":"2023-07-08T14:40:32","modified_gmt":"2023-07-08T14:40:32","slug":"zeneida-sard%c3%a0","status":"publish","type":"page","link":"https:\/\/www.lecturavertical.com\/es\/zeneida-sard%c3%a0\/","title":{"rendered":"Zeneida Sard\u00e0"},"content":{"rendered":"<p><img decoding=\"async\" loading=\"lazy\" class=\"alignnone size-full wp-image-134\" src=\"http:\/\/www.lecturavertical.com\/wp-content\/uploads\/2013\/10\/Foto-web-e1383569532793.jpg\" alt=\"Foto web\" width=\"450\" height=\"159\" \/><br \/>\n<img decoding=\"async\" loading=\"lazy\" class=\"alignnone size-full wp-image-366\" style=\"margin-left: 306px; width: 165px;\" src=\"http:\/\/www.lecturavertical.com\/wp-content\/uploads\/2013\/10\/12-firma-bona.jpg\" alt=\"12-firma bona\" width=\"283\" height=\"81\" \/><\/p>\n<div style=\"width: 535px;\"><span style=\"color: #ff9900;\"><strong>LA VOCACI\u00d3N<\/strong><\/span><\/p>\n<p>Zeneida Sard\u00e0 es escritora. Para ella, el reto es saber jugar con la urdimbre y la trama del tejido literario para conseguir que el lector tenga una experiencia emocional. Cree que lo esencial en la creaci\u00f3n literaria es como se entrelazan los hilos de este tejido m\u00e1s que el tema en s\u00ed. \u2028Ha hecho suya la famosa frase de Flaubert:<br \/>\n<strong><strong><strong><strong><strong>\u00abQuiero escribir un libro sobre nada.\u00bb<\/strong><\/strong><\/strong><\/strong><\/strong><\/p>\n<p><strong>Miembro de la \u00abSocietat Catalana d&#8217;Amics de Marcel Proust\u00bb.<\/strong><\/p>\n<p><span style=\"color: #ff9900;\"><strong><strong>LA FORMACI\u00d3N<\/strong><\/strong><\/span><\/p>\n<p>La <strong>Licenciatura de Medicina,<\/strong> con estudios de neurofisiolog\u00eda,\u00a0psicolog\u00eda y psiconeurolog\u00eda, permiten a Zeneida Sard\u00e1 profundizar en el conocimiento de la conducta humana. Se interesa sobre todo por los trastornos emocionales leves, el estr\u00e9s, la ansiedad, las tensiones profesionales, familiares, las relaciones interpersonales.<\/p>\n<p>La <strong>Licenciatura de Filolog\u00eda Francesa<\/strong> y la\u00a0<strong>Ma\u00eetrise de Letras Modernas<\/strong> realizadas en Francia, encuadran y dan solidez a su vocaci\u00f3n de escritora que se materializa con m\u00e1s de una quincena de libros publicados, entre los que destacan las vidas noveladas, otra forma de aproximaci\u00f3n a la persona, as\u00ed como las m\u00e1s de 200 entrevistas realizadas a personalidades del mundo de la cultura catalana.<\/p>\n<p align=\"left\">El <b>M\u00e1ster en Humanidades <\/b>amplia y redondea su formaci\u00f3n<br \/>\nal profundizar en conocimientos sobre la Obra de Arte, los Mitos cl\u00e1sicos,<br \/>\n\u00c9tica y Filosofia.<\/p>\n<p><span style=\"color: #ff9900;\"><strong>LA PROFESI\u00d3N<\/strong><\/span><\/p>\n<p>Zeneida Sard\u00e1 es una entusiasta de su trabajo que realiza con vocaci\u00f3n y profesionalidad.<\/p>\n<p>Desde su <strong>doble formaci\u00f3n cient\u00edfica y literaria<\/strong>, como m\u00e9dico interesada por la psiconeurolog\u00eda y por la neurofisiolog\u00eda, y como fil\u00f3loga y escritora motivada por el poder de la palabra escrita, el a\u00f1o 1998 empieza a experimentar con un tipo de trabajo mental, ameno y asequible, que consiste en perforar lo que ella llama el \u00abespesor del tejido literario\u00bb. Es por este motivo que pone el nombre de<a href=\"http:\/\/www.lacentral.com\/web\/book\/?id=9788473069076\"><br \/>\n<\/a><strong>Lectura Vertical<\/strong> a este m\u00e9todo de lectura ideado personalmente.<\/p>\n<p><span style=\"color: #808080;\">A partir de la Lectura Vertical nacen los <a href=\"https:\/\/www.lecturavertical.com\/es\/in-company_\/\">Cursos<\/a>\u00a0,<\/span> lo<span style=\"color: #808080;\">s<br \/>\n<a href=\"https:\/\/www.lecturavertical.com\/es\/talleres\/\">Talleres literarios <\/a><\/span><span style=\"color: #808080;\">y el <a href=\"https:\/\/www.lecturavertical.com\/es\/coaching-descriptura\/\">Coaching de Escritura<\/a>.<\/span><\/p>\n<p><span style=\"color: #808080;\">Zeneida Sard\u00e0 imparte:<\/span><\/p>\n<p><a href=\"https:\/\/www.lecturavertical.com\/es\/in-company_\/\">&#8211; <\/a><span style=\"color: #808080;\"><a href=\"https:\/\/www.lecturavertical.com\/es\/in-company_\/\">Cursos presenciales y on-line<\/a>\u00a0de Lectura Vertical, Inteligencia Emocional, Escritura Terap\u00e9utica, Felicidad y Comunicaci\u00f3n Escrita en la Universidad de Barcelona y en empresas de servicios: mandos, docentes, m\u00e9dicos y enfermeras de hospital y CAPs.<\/span><\/p>\n<p><span style=\"color: #808080;\">Estos cursos aportan <strong>beneficios de car\u00e1cter psicol\u00f3gico, emocional y de comunicaci\u00f3n<\/strong> <strong>interpersonal<\/strong> entre los participantes a la vez que ayudan a mejorar su capacidad de expresi\u00f3n.<\/span><\/p>\n<p><a href=\"http:\/\/www.lecturavertical.com\/tallers\/\"><span style=\"color: #ff6600;\"><span style=\"color: #808080;\">&#8211;<\/span><\/span><\/a><a href=\"https:\/\/www.lecturavertical.com\/es\/talleres\/\">Talleres literarios <\/a>presenciales y on-line\u00a0<span style=\"color: #808080;\">en la Universidad de Barcelona y en Escuelas Profesionales, Cursos de Formaci\u00f3n Continuada, Clubs de Lectura, Librer\u00edas, Bibliotecas, Centros Culturales, \u2026 <\/span><\/p>\n<p>&#8211; <a href=\"https:\/\/www.lecturavertical.com\/es\/coaching-descriptura\/\">Coaching de Escritura<\/a> <span style=\"color: #808080;\">personalizado, online.<br \/>\n<\/span><\/p>\n<\/div>\n<div class=\"alignright\" style=\"width: 160px; margin-top: -42px;\">\n<div style=\"font-size: 10px;\">\u00a0\u00a0\u00a0\u00a0\u00a0\u00a0\u00a0\u00a0\u00a0 \u00a0 \u00a0\u00a0 Nuestros compromisos<\/div>\n<p><a href=\"http:\/\/www.casaemanuel.org\/\"><img decoding=\"async\" class=\"size-full wp-image-3466\" style=\"margin-left: 60px; float: left;\" src=\"http:\/\/www.lecturavertical.com\/wp-content\/uploads\/2015\/03\/Casa-Emanuel.png\" alt=\"Casa Emanuel\" width=\"30\" \/><\/a><a href=\"http:\/\/www.ongamic.org\/\"><img decoding=\"async\" loading=\"lazy\" class=\"size-full wp-image-3466\" style=\"margin-left: 10px; margin-top: 5px; float: left;\" src=\"http:\/\/www.lecturavertical.com\/wp-content\/uploads\/2015\/03\/Amic.png\" alt=\"Amic\" width=\"37\" height=\"81\" \/><\/a><\/p>\n<\/div>\n","protected":false},"excerpt":{"rendered":"<p>LA VOCACI\u00d3N Zeneida Sard\u00e0 es escritora. Para ella, el reto es saber jugar con la urdimbre y la trama del tejido literario para conseguir que el lector tenga una experiencia emocional. Cree que lo esencial en la creaci\u00f3n literaria es como se entrelazan los hilos de este tejido m\u00e1s que el tema en s\u00ed. \u2028Ha [&hellip;]<\/p>\n","protected":false},"author":2,"featured_media":0,"parent":0,"menu_order":0,"comment_status":"closed","ping_status":"closed","template":"","meta":[],"_links":{"self":[{"href":"https:\/\/www.lecturavertical.com\/es\/wp-json\/wp\/v2\/pages\/899"}],"collection":[{"href":"https:\/\/www.lecturavertical.com\/es\/wp-json\/wp\/v2\/pages"}],"about":[{"href":"https:\/\/www.lecturavertical.com\/es\/wp-json\/wp\/v2\/types\/page"}],"author":[{"embeddable":true,"href":"https:\/\/www.lecturavertical.com\/es\/wp-json\/wp\/v2\/users\/2"}],"replies":[{"embeddable":true,"href":"https:\/\/www.lecturavertical.com\/es\/wp-json\/wp\/v2\/comments?post=899"}],"version-history":[{"count":64,"href":"https:\/\/www.lecturavertical.com\/es\/wp-json\/wp\/v2\/pages\/899\/revisions"}],"predecessor-version":[{"id":6341,"href":"https:\/\/www.lecturavertical.com\/es\/wp-json\/wp\/v2\/pages\/899\/revisions\/6341"}],"wp:attachment":[{"href":"https:\/\/www.lecturavertical.com\/es\/wp-json\/wp\/v2\/media?parent=899"}],"curies":[{"name":"wp","href":"https:\/\/api.w.org\/{rel}","templated":true}]}}

Zeneida Sardà

<p><img decoding="async" loading="lazy" class="alignnone size-full wp-image-134" src="http://www.lecturavertical.com/wp-content/uploads/2013/10/Foto-web-e1383569532793.jpg" alt="Foto web" width="450" height="159" /><br />
<img decoding="async" loading="lazy" class="alignnone size-full wp-image-366" style="margin-left: 306px; width: 165px;" src="http://www.lecturavertical.com/wp-content/uploads/2013/10/12-firma-bona.jpg" alt="12-firma bona" width="283" height="81" /></p>
<div style="width: 535px;"><span style="color: #ff9900;"><strong>LA VOCACIÓN</strong></span></p>
<p>Zeneida Sardà es escritora. Para ella, el reto es saber jugar con la urdimbre y la trama del tejido literario para conseguir que el lector tenga una experiencia emocional. Cree que lo esencial en la creación literaria es como se entrelazan los hilos de este tejido más que el tema en sí.  Ha hecho suya la famosa frase de Flaubert:<br />
<strong><strong><strong><strong><strong>«Quiero escribir un libro sobre nada.»</strong></strong></strong></strong></strong></p>
<p><strong>Miembro de la «Societat Catalana d&#8217;Amics de Marcel Proust».</strong></p>
<p><span style="color: #ff9900;"><strong><strong>LA FORMACIÓN</strong></strong></span></p>
<p>La <strong>Licenciatura de Medicina,</strong> con estudios de neurofisiología, psicología y psiconeurología, permiten a Zeneida Sardá profundizar en el conocimiento de la conducta humana. Se interesa sobre todo por los trastornos emocionales leves, el estrés, la ansiedad, las tensiones profesionales, familiares, las relaciones interpersonales.</p>
<p>La <strong>Licenciatura de Filología Francesa</strong> y la <strong>Maîtrise de Letras Modernas</strong> realizadas en Francia, encuadran y dan solidez a su vocación de escritora que se materializa con más de una quincena de libros publicados, entre los que destacan las vidas noveladas, otra forma de aproximación a la persona, así como las más de 200 entrevistas realizadas a personalidades del mundo de la cultura catalana.</p>
<p align="left">El <b>Máster en Humanidades </b>amplia y redondea su formación<br />
al profundizar en conocimientos sobre la Obra de Arte, los Mitos clásicos,<br />
Ética y Filosofia.</p>
<p><span style="color: #ff9900;"><strong>LA PROFESIÓN</strong></span></p>
<p>Zeneida Sardá es una entusiasta de su trabajo que realiza con vocación y profesionalidad.</p>
<p>Desde su <strong>doble formación científica y literaria</strong>, como médico interesada por la psiconeurología y por la neurofisiología, y como filóloga y escritora motivada por el poder de la palabra escrita, el año 1998 empieza a experimentar con un tipo de trabajo mental, ameno y asequible, que consiste en perforar lo que ella llama el «espesor del tejido literario». Es por este motivo que pone el nombre de<a href="http://www.lacentral.com/web/book/?id=9788473069076"><br />
</a><strong>Lectura Vertical</strong> a este método de lectura ideado personalmente.</p>
<p><span style="color: #808080;">A partir de la Lectura Vertical nacen los <a href="https://www.lecturavertical.com/es/in-company_/">Cursos</a> ,</span> lo<span style="color: #808080;">s<br />
<a href="https://www.lecturavertical.com/es/talleres/">Talleres literarios </a></span><span style="color: #808080;">y el <a href="https://www.lecturavertical.com/es/coaching-descriptura/">Coaching de Escritura</a>.</span></p>
<p><span style="color: #808080;">Zeneida Sardà imparte:</span></p>
<p><a href="https://www.lecturavertical.com/es/in-company_/">&#8211; </a><span style="color: #808080;"><a href="https://www.lecturavertical.com/es/in-company_/">Cursos presenciales y on-line</a> de Lectura Vertical, Inteligencia Emocional, Escritura Terapéutica, Felicidad y Comunicación Escrita en la Universidad de Barcelona y en empresas de servicios: mandos, docentes, médicos y enfermeras de hospital y CAPs.</span></p>
<p><span style="color: #808080;">Estos cursos aportan <strong>beneficios de carácter psicológico, emocional y de comunicación</strong> <strong>interpersonal</strong> entre los participantes a la vez que ayudan a mejorar su capacidad de expresión.</span></p>
<p><a href="http://www.lecturavertical.com/tallers/"><span style="color: #ff6600;"><span style="color: #808080;">&#8211;</span></span></a><a href="https://www.lecturavertical.com/es/talleres/">Talleres literarios </a>presenciales y on-line <span style="color: #808080;">en la Universidad de Barcelona y en Escuelas Profesionales, Cursos de Formación Continuada, Clubs de Lectura, Librerías, Bibliotecas, Centros Culturales, … </span></p>
<p>&#8211; <a href="https://www.lecturavertical.com/es/coaching-descriptura/">Coaching de Escritura</a> <span style="color: #808080;">personalizado, online.<br />
</span></p>
</div>
<div class="alignright" style="width: 160px; margin-top: -42px;">
<div style="font-size: 10px;">               Nuestros compromisos</div>
<p><a href="http://www.casaemanuel.org/"><img decoding="async" class="size-full wp-image-3466" style="margin-left: 60px; float: left;" src="http://www.lecturavertical.com/wp-content/uploads/2015/03/Casa-Emanuel.png" alt="Casa Emanuel" width="30" /></a><a href="http://www.ongamic.org/"><img decoding="async" loading="lazy" class="size-full wp-image-3466" style="margin-left: 10px; margin-top: 5px; float: left;" src="http://www.lecturavertical.com/wp-content/uploads/2015/03/Amic.png" alt="Amic" width="37" height="81" /></a></p>
</div>

<p>LA VOCACIÓN Zeneida Sardà es escritora. Para ella, el reto es saber jugar con la urdimbre y la trama del tejido literario para conseguir que el lector tenga una experiencia emocional. Cree que lo esencial en la creación literaria es como se entrelazan los hilos de este tejido más que el tema en sí.  Ha [&hellip;]</p>
