{"id":911,"date":"2013-11-06T12:56:53","date_gmt":"2013-11-06T12:56:53","guid":{"rendered":"http:\/\/www.lecturavertical.com\/?page_id=911"},"modified":"2021-03-29T17:03:33","modified_gmt":"2021-03-29T17:03:33","slug":"las-aficiones","status":"publish","type":"page","link":"https:\/\/www.lecturavertical.com\/es\/zeneida-sard%c3%a0\/las-aficiones\/","title":{"rendered":"Las aficiones"},"content":{"rendered":"<p><span style=\"color: #808080;\"><strong>LAS AFICIONES<\/strong><\/span><\/p>\n<div class=\"aficio\">\n<div style=\"float: left; width: 490px;\"><span style=\"color: #808080; clear: both;\"><strong>\u00a1El mar!<\/strong><\/span><\/p>\n<p><span style=\"color: #808080;\">La inmensidad del mar la hace so\u00f1ar. El infinito del horitzonte le llena los<br \/> pulmones de libertad. Ha navegado por mares pl\u00e1cidos y por mares tempestuosos. Se ha sumergido en les profundidades marinas descubriendo paisajes insospechados. A Zeneida le gusta sentarse en la arena cerca de la ola tranquila. El mar de invierno le aporta paz espiritual. El mar de verano, la alegr\u00eda de vivir.<\/span><\/p>\n<\/div>\n<div style=\"float: right; width: 215px; margin-left: 20px;\"><img decoding=\"async\" class=\"alignnone size-thumbnail wp-image-761\" style=\"height: 150px;\" alt=\"dansa\" src=\"http:\/\/www.lecturavertical.com\/wp-content\/uploads\/2014\/07\/mar_web1.jpg\" height=\"150\" \/><\/div>\n<\/div>\n<div class=\"aficio\">\n<div style=\"float: left; width: 490px;\"><span style=\"color: #808080; clear: both;\"><strong>\u00a1La danza!<\/strong><\/span><br \/> <span style=\"color: #808080;\">La danza es la expresi\u00f3n est\u00e9tica m\u00e1s sutil de un cuerpo en movimiento. Es ritmo y es escultura esculpida en el espacio. Es m\u00fasica hecha forma. Es sensualidad y belleza. En este dominio del cuerpo hecho obra de arte, Zeneida lee tambi\u00e9n volundad de superaci\u00f3n, tenacidad del esfuerzo mantenido y rigor de la expressi\u00f3n formal. Est\u00e9tica, pasi\u00f3n y voluntad.<\/span><\/div>\n<div style=\"float: right; width: 215px; margin-left: 20px;\"><img decoding=\"async\" class=\"alignnone size-thumbnail wp-image-761\" style=\"height: 150px;\" alt=\"dansa\" src=\"http:\/\/www.lecturavertical.com\/wp-content\/uploads\/2014\/07\/dansa_web1.jpg\" height=\"150\" \/><\/div>\n<\/div>\n<div class=\"aficio\">\n<div style=\"float: left; width: 490px;\"><span style=\"color: #808080; clear: both;\"><strong>\u00a1Los viajes!<\/strong><\/span><br \/> <span style=\"color: #808080;\">Para Zeneida, el viaje en solitario es deseo de aventura y necesidad de mantener el esp\u00edritu despierto. Le gusta el viaje que se improvisa dia a dia, paso a paso, en busca de otras culturas, de otras gentes, de otros valores. Zeneida ve en el viaje un est\u00edmulo para la imaginaci\u00f3n y un abanico abierto a nuevas costumbres y nuevos amigos que nos enriquecen como persona, nos hacen m\u00e1s tolerantes y m\u00e1s comprensivos.<\/span><\/div>\n<div style=\"float: right; width: 215px; margin-left: 20px;\"><img decoding=\"async\" class=\"alignnone size-full wp-image-763\" style=\"height: 150px;\" alt=\"viatges\" src=\"http:\/\/www.lecturavertical.com\/wp-content\/uploads\/2014\/07\/africa_web1.jpg\" height=\"150\" \/><\/div>\n<\/div>\n","protected":false},"excerpt":{"rendered":"<p>LAS AFICIONES \u00a1El mar! La inmensidad del mar la hace so\u00f1ar. El infinito del horitzonte le llena los pulmones de libertad. Ha navegado por mares pl\u00e1cidos y por mares tempestuosos. Se ha sumergido en les profundidades marinas descubriendo paisajes insospechados. A Zeneida le gusta sentarse en la arena cerca de la ola tranquila. El mar [&hellip;]<\/p>\n","protected":false},"author":2,"featured_media":0,"parent":899,"menu_order":0,"comment_status":"closed","ping_status":"closed","template":"","meta":[],"_links":{"self":[{"href":"https:\/\/www.lecturavertical.com\/es\/wp-json\/wp\/v2\/pages\/911"}],"collection":[{"href":"https:\/\/www.lecturavertical.com\/es\/wp-json\/wp\/v2\/pages"}],"about":[{"href":"https:\/\/www.lecturavertical.com\/es\/wp-json\/wp\/v2\/types\/page"}],"author":[{"embeddable":true,"href":"https:\/\/www.lecturavertical.com\/es\/wp-json\/wp\/v2\/users\/2"}],"replies":[{"embeddable":true,"href":"https:\/\/www.lecturavertical.com\/es\/wp-json\/wp\/v2\/comments?post=911"}],"version-history":[{"count":15,"href":"https:\/\/www.lecturavertical.com\/es\/wp-json\/wp\/v2\/pages\/911\/revisions"}],"predecessor-version":[{"id":5350,"href":"https:\/\/www.lecturavertical.com\/es\/wp-json\/wp\/v2\/pages\/911\/revisions\/5350"}],"up":[{"embeddable":true,"href":"https:\/\/www.lecturavertical.com\/es\/wp-json\/wp\/v2\/pages\/899"}],"wp:attachment":[{"href":"https:\/\/www.lecturavertical.com\/es\/wp-json\/wp\/v2\/media?parent=911"}],"curies":[{"name":"wp","href":"https:\/\/api.w.org\/{rel}","templated":true}]}}

<p><span style="color: #808080;"><strong>LAS AFICIONES</strong></span></p>
<div class="aficio">
<div style="float: left; width: 490px;"><span style="color: #808080; clear: both;"><strong>¡El mar!</strong></span></p>
<p><span style="color: #808080;">La inmensidad del mar la hace soñar. El infinito del horitzonte le llena los<br /> pulmones de libertad. Ha navegado por mares plácidos y por mares tempestuosos. Se ha sumergido en les profundidades marinas descubriendo paisajes insospechados. A Zeneida le gusta sentarse en la arena cerca de la ola tranquila. El mar de invierno le aporta paz espiritual. El mar de verano, la alegría de vivir.</span></p>
</div>
<div style="float: right; width: 215px; margin-left: 20px;"><img decoding="async" class="alignnone size-thumbnail wp-image-761" style="height: 150px;" alt="dansa" src="http://www.lecturavertical.com/wp-content/uploads/2014/07/mar_web1.jpg" height="150" /></div>
</div>
<div class="aficio">
<div style="float: left; width: 490px;"><span style="color: #808080; clear: both;"><strong>¡La danza!</strong></span><br /> <span style="color: #808080;">La danza es la expresión estética más sutil de un cuerpo en movimiento. Es ritmo y es escultura esculpida en el espacio. Es música hecha forma. Es sensualidad y belleza. En este dominio del cuerpo hecho obra de arte, Zeneida lee también volundad de superación, tenacidad del esfuerzo mantenido y rigor de la expressión formal. Estética, pasión y voluntad.</span></div>
<div style="float: right; width: 215px; margin-left: 20px;"><img decoding="async" class="alignnone size-thumbnail wp-image-761" style="height: 150px;" alt="dansa" src="http://www.lecturavertical.com/wp-content/uploads/2014/07/dansa_web1.jpg" height="150" /></div>
</div>
<div class="aficio">
<div style="float: left; width: 490px;"><span style="color: #808080; clear: both;"><strong>¡Los viajes!</strong></span><br /> <span style="color: #808080;">Para Zeneida, el viaje en solitario es deseo de aventura y necesidad de mantener el espíritu despierto. Le gusta el viaje que se improvisa dia a dia, paso a paso, en busca de otras culturas, de otras gentes, de otros valores. Zeneida ve en el viaje un estímulo para la imaginación y un abanico abierto a nuevas costumbres y nuevos amigos que nos enriquecen como persona, nos hacen más tolerantes y más comprensivos.</span></div>
<div style="float: right; width: 215px; margin-left: 20px;"><img decoding="async" class="alignnone size-full wp-image-763" style="height: 150px;" alt="viatges" src="http://www.lecturavertical.com/wp-content/uploads/2014/07/africa_web1.jpg" height="150" /></div>
</div>

<p>LAS AFICIONES ¡El mar! La inmensidad del mar la hace soñar. El infinito del horitzonte le llena los pulmones de libertad. Ha navegado por mares plácidos y por mares tempestuosos. Se ha sumergido en les profundidades marinas descubriendo paisajes insospechados. A Zeneida le gusta sentarse en la arena cerca de la ola tranquila. El mar [&hellip;]</p>
