{"id":915,"date":"2013-11-06T13:02:31","date_gmt":"2013-11-06T13:02:31","guid":{"rendered":"http:\/\/www.lecturavertical.com\/?page_id=915"},"modified":"2021-04-12T17:18:03","modified_gmt":"2021-04-12T17:18:03","slug":"las-publicaciones","status":"publish","type":"page","link":"https:\/\/www.lecturavertical.com\/es\/zeneida-sard%c3%a0\/las-publicaciones\/","title":{"rendered":"Las publicaciones"},"content":{"rendered":"<div style=\"float: left; width: 430px;\"><span style=\"color: #808080; margin-top: 20px; display: block;\"><em>\u00abZola, Flaubert, Proust me hab\u00edan ense\u00f1ado que<br \/>\ns\u00f3lo se pod\u00eda escribir sobre aquello que se conoce<br \/>\nprofundamente y que s\u00f3lo hay dos maneras<br \/>\nde adquirir conocimientos: a trav\u00e9s de una minuciosa<br \/>\ny extensa documentaci\u00f3n o a trav\u00e9s de<br \/>\nla propia experiencia\u00bb.<\/em> \u00a0\u00a0 \u00a0\u00a0\u00a0 \u00a0\u00a0\u00a0 \u00a0\u00a0\u00a0 \u00a0\u00a0\u00a0 \u00a0\u00a0\u00a0 \u00a0\u00a0\u00a0 \u00a0\u00a0\u00a0 \u00a0\u00a0\u00a0\u00a0\u00a0\u00a0\u00a0\u00a0\u00a0\u00a0\u00a0\u00a0\u00a0\u00a0\u00a0\u00a0\u00a0\u00a0\u00a0\u00a0\u00a0\u00a0\u00a0\u00a0\u00a0\u00a0\u00a0\u00a0\u00a0\u00a0\u00a0\u00a0\u00a0\u00a0\u00a0\u00a0\u00a0\u00a0\u00a0\u00a0\u00a0\u00a0\u00a0\u00a0\u00a0\u00a0\u00a0\u00a0\u00a0\u00a0\u00a0\u00a0\u00a0\u00a0\u00a0\u00a0\u00a0\u00a0\u00a0\u00a0\u00a0\u00a0\u00a0\u00a0\u00a0\u00a0\u00a0\u00a0\u00a0\u00a0\u00a0\u00a0\u00a0\u00a0\u00a0\u00a0\u00a0\u00a0\u00a0\u00a0\u00a0\u00a0\u00a0\u00a0\u00a0<\/span><span style=\"color: #808080;\">\u00a0 \u00a0 \u00a0 \u00a0 \u00a0 \u00a0 \u00a0 \u00a0 \u00a0 \u00a0 \u00a0 \u00a0 \u00a0 \u00a0 \u00a0 \u00a0 \u00a0 <strong>\u00a0<\/strong> <strong>Zeneida Sard\u00e0,<\/strong> <a href=\"https:\/\/www.laie.es\/es\/libro\/la-pell-negra\/9788499751337\/637219\"><em>L<\/em>a<em> Pell Negra<\/em><\/a>.<\/span><\/div>\n<div style=\"float: left; width: 144px;\"><img decoding=\"async\" class=\"alignnone size-full wp-image-338\" src=\"http:\/\/www.lecturavertical.com\/wp-content\/uploads\/2013\/10\/LA-PELL-NEGRA1-187x300.jpg\" alt=\"LA-PELL-NEGRA1-187x300\" width=\"120\" \/><\/div>\n","protected":false},"excerpt":{"rendered":"<p>\u00abZola, Flaubert, Proust me hab\u00edan ense\u00f1ado que s\u00f3lo se pod\u00eda escribir sobre aquello que se conoce profundamente y que s\u00f3lo hay dos maneras de adquirir conocimientos: a trav\u00e9s de una minuciosa y extensa documentaci\u00f3n o a trav\u00e9s de la propia experiencia\u00bb. \u00a0\u00a0 \u00a0\u00a0\u00a0 \u00a0\u00a0\u00a0 \u00a0\u00a0\u00a0 \u00a0\u00a0\u00a0 \u00a0\u00a0\u00a0 \u00a0\u00a0\u00a0 \u00a0\u00a0\u00a0 \u00a0\u00a0\u00a0\u00a0\u00a0\u00a0\u00a0\u00a0\u00a0\u00a0\u00a0\u00a0\u00a0\u00a0\u00a0\u00a0\u00a0\u00a0\u00a0\u00a0\u00a0\u00a0\u00a0\u00a0\u00a0\u00a0\u00a0\u00a0\u00a0\u00a0\u00a0\u00a0\u00a0\u00a0\u00a0\u00a0\u00a0\u00a0\u00a0\u00a0\u00a0\u00a0\u00a0\u00a0\u00a0\u00a0\u00a0\u00a0\u00a0\u00a0\u00a0\u00a0\u00a0\u00a0\u00a0\u00a0\u00a0\u00a0\u00a0\u00a0\u00a0\u00a0\u00a0\u00a0\u00a0\u00a0\u00a0\u00a0\u00a0\u00a0\u00a0\u00a0\u00a0\u00a0\u00a0\u00a0\u00a0\u00a0\u00a0\u00a0\u00a0\u00a0\u00a0\u00a0\u00a0\u00a0 \u00a0 \u00a0 \u00a0 \u00a0 \u00a0 [&hellip;]<\/p>\n","protected":false},"author":2,"featured_media":0,"parent":899,"menu_order":0,"comment_status":"closed","ping_status":"closed","template":"","meta":[],"_links":{"self":[{"href":"https:\/\/www.lecturavertical.com\/es\/wp-json\/wp\/v2\/pages\/915"}],"collection":[{"href":"https:\/\/www.lecturavertical.com\/es\/wp-json\/wp\/v2\/pages"}],"about":[{"href":"https:\/\/www.lecturavertical.com\/es\/wp-json\/wp\/v2\/types\/page"}],"author":[{"embeddable":true,"href":"https:\/\/www.lecturavertical.com\/es\/wp-json\/wp\/v2\/users\/2"}],"replies":[{"embeddable":true,"href":"https:\/\/www.lecturavertical.com\/es\/wp-json\/wp\/v2\/comments?post=915"}],"version-history":[{"count":5,"href":"https:\/\/www.lecturavertical.com\/es\/wp-json\/wp\/v2\/pages\/915\/revisions"}],"predecessor-version":[{"id":5894,"href":"https:\/\/www.lecturavertical.com\/es\/wp-json\/wp\/v2\/pages\/915\/revisions\/5894"}],"up":[{"embeddable":true,"href":"https:\/\/www.lecturavertical.com\/es\/wp-json\/wp\/v2\/pages\/899"}],"wp:attachment":[{"href":"https:\/\/www.lecturavertical.com\/es\/wp-json\/wp\/v2\/media?parent=915"}],"curies":[{"name":"wp","href":"https:\/\/api.w.org\/{rel}","templated":true}]}}

<div style="float: left; width: 430px;"><span style="color: #808080; margin-top: 20px; display: block;"><em>«Zola, Flaubert, Proust me habían enseñado que<br />
sólo se podía escribir sobre aquello que se conoce<br />
profundamente y que sólo hay dos maneras<br />
de adquirir conocimientos: a través de una minuciosa<br />
y extensa documentación o a través de<br />
la propia experiencia».</em>                                                                                                                     </span><span style="color: #808080;">                                  <strong> </strong> <strong>Zeneida Sardà,</strong> <a href="https://www.laie.es/es/libro/la-pell-negra/9788499751337/637219"><em>L</em>a<em> Pell Negra</em></a>.</span></div>
<div style="float: left; width: 144px;"><img decoding="async" class="alignnone size-full wp-image-338" src="http://www.lecturavertical.com/wp-content/uploads/2013/10/LA-PELL-NEGRA1-187x300.jpg" alt="LA-PELL-NEGRA1-187x300" width="120" /></div>

<p>«Zola, Flaubert, Proust me habían enseñado que sólo se podía escribir sobre aquello que se conoce profundamente y que sólo hay dos maneras de adquirir conocimientos: a través de una minuciosa y extensa documentación o a través de la propia experiencia».                                                                                                                                 [&hellip;]</p>
