{"id":917,"date":"2013-11-06T13:12:55","date_gmt":"2013-11-06T13:12:55","guid":{"rendered":"http:\/\/www.lecturavertical.com\/?page_id=917"},"modified":"2025-06-09T21:09:16","modified_gmt":"2025-06-09T21:09:16","slug":"novedades","status":"publish","type":"page","link":"https:\/\/www.lecturavertical.com\/es\/zeneida-sard%c3%a0\/las-publicaciones\/novedades\/","title":{"rendered":"Novedades"},"content":{"rendered":"<p><strong>Escribir para vivir mejor<\/strong><\/p>\n<p><span style=\"color: #808080;\"><span style=\"font-family: Times New Roman, serif;\"><span style=\"font-size: medium;\">\u00bfY si una libreta y un bol\u00edgrafo pudieran cambiar tu vida? Este libro revela algo<a href=\"https:\/\/www.lecturavertical.com\/wp-content\/uploads\/2025\/06\/9788410313866.jpeg\"><img decoding=\"async\" loading=\"lazy\" class=\"wp-image-6427 alignright\" src=\"https:\/\/www.lecturavertical.com\/wp-content\/uploads\/2025\/06\/9788410313866-197x300.jpeg\" alt=\"\" width=\"123\" height=\"187\" srcset=\"https:\/\/www.lecturavertical.com\/wp-content\/uploads\/2025\/06\/9788410313866-197x300.jpeg 197w, https:\/\/www.lecturavertical.com\/wp-content\/uploads\/2025\/06\/9788410313866.jpeg 229w\" sizes=\"(max-width: 123px) 100vw, 123px\" \/><\/a><br \/>\n<\/span><\/span><\/span><span style=\"color: #808080;\"><span style=\"font-family: Times New Roman, serif;\"><span style=\"font-size: medium;\">tan simple como poderoso: que escribir no solo es una forma de comunicarse, sino tambi\u00e9n una herramienta cient\u00edfica y emocional para sanar, entenderse y crecer.<br \/>\nEscribir para vivir mejor es una gu\u00eda rigurosa y profundamente humana, basada en investigaciones de neurociencia, psicolog\u00eda y filosof\u00eda, que demuestra c\u00f3mo la escritura puede transformar tus emociones, tus pensamientos y tu bienestar.<\/span><\/span><\/span><\/p>\n<p><a href=\"https:\/\/www.casadellibro.com\/libro-escribir-para-vivir-mejor\/9788410313866\/16933726\">Casa del Libro\u00a0<\/a><br \/>\n<a href=\"https:\/\/www.lacentral.com\/sarda-zeneida\/escribir-para-vivir-mejor\/9788410313866\">Llibreria La Central<\/a><br \/>\n<a href=\"https:\/\/www.laie.es\/es\/libro\/escribir-para-vivir-mejor\/2101739\/9788410313866\">Llibreria Laie<\/a><\/p>\n<p><strong><span style=\"color: #808080;\"><br \/>\nLa Pell Negra:<br \/>\n<\/span><\/strong><\/p>\n<div style=\"width: 640px; clear: left; float: left;\">\n<p style=\"text-align: justify;\"><span style=\"color: #808080;\">\u201c\u2026Escrita con una prosa neta, clara y muy po\u00e9tica La Pell Negra me ha <\/span><span style=\"color: #808080;\"><a href=\"http:\/\/www.laie.es\/libro\/la-pell-negra\/704063\/978-84-9975-133-7\"><img decoding=\"async\" loading=\"lazy\" class=\"alignright\" src=\"http:\/\/www.lecturavertical.com\/wp-content\/uploads\/2013\/10\/LA-PELL-NEGRA1-187x300-e1385411117314.jpg\" alt=\"LA-PELL-NEGRA1-187x300\" width=\"125\" height=\"200\" \/><\/a>seducido desde el principio. Tanto es as\u00ed que, lo confieso, no he podido evitar subrallar muchas de las frases y descripciones con las que Zeneida Sard\u00e0 ha construido su libro. Y es que La Pell Negra es una novela que tiene espesor. Espesor intelectual, espesor po\u00e9tico, espesor estil\u00edstico y espesor narrativo\u2026.\u201d<br \/>\n(Jordi Castell\u00f3, editor)<\/span><\/p>\n<p><span style=\"color: #808080;\">\u201cHistoria captivadora que nos adentra en el poli\u00e9drico mundo interior de una mujer valiente e idealista, a la vez que nos invita a acompa\u00f1arla en su b\u00fasqueda de las m\u00faltiples facetas del amor. \u201d (Marcela)<\/span><\/p>\n<p style=\"text-align: justify;\"><span style=\"color: #808080;\">\u201cMe ha gustado mucho porqu\u00e9 es un llibro corto, \u00e1gil, que te engancha a la silla y no puedes dejar de leer. Es muy entretenido y el final completamente inesperado!! Francamente, me lo he pasado muy bien!\u201d (Mercader)<\/span><\/p>\n<p><span style=\"color: #808080;\">Comentarios recogidos en:\u00a0 <strong>quellegeixes.cat<\/strong><br \/>\n<\/span><\/p>\n<p><span style=\"color: #808080;\">El poeta y cr\u00edtico literario Jordi Llavina conversa con la autora:\u00a0<strong> \u00abL&#8217;\u00faltima troballa\u00bb<\/strong><\/span><\/p>\n<p><span style=\"color: #808080;\"><strong>Encontrar\u00e1s La Pell Negra en:<br \/>\n<\/strong><\/span><a href=\"https:\/\/www.laie.es\/es\/libro\/la-pell-negra\/9788499751337\/637219\">Llibreria Laie<\/a><br \/>\n<a href=\"https:\/\/www.lacentral.com\/book\/?id=9788499751337\">La Central<\/a><br \/>\n<a href=\"https:\/\/www.amazon.es\/pell-negra-Lo-Marraco\/dp\/8499751334\/ref=sr_1_1?ie=UTF8&amp;qid=1475601048&amp;sr=8-1&amp;keywords=la+pell+negra+zeneida+sarda\">Amazone.es<\/a><\/p>\n<p><span style=\"color: #808080;\"><span style=\"color: #808080;\"><br \/>\n<strong>Cristalls de Boh\u00e8mia<br \/>\n<\/strong><\/span><\/span><\/p>\n<p style=\"text-align: justify;\">Vicens Grenzner, un muchacho de 14 a\u00f1os, hijo de unos cristaleros de Bohemia, emigra <a href=\"http:\/\/www.laie.es\/libro\/cristalls-de-bohemia\/961675\/978-84-9975-457-4#\"><img decoding=\"async\" loading=\"lazy\" class=\" wp-image-1513 alignright\" src=\"http:\/\/www.lecturavertical.com\/wp-content\/uploads\/2014\/03\/Portada-web-221x300.png\" alt=\"Cristalls de Boh\u00e8mia\" width=\"133\" height=\"180\" \/><\/a><br \/>\nel 1814 de su pueblo natal para ir a Barcelona. Con los a\u00f1os pondr\u00e1 un tienda de cristal, loza y porcelana en el barrio de la Ribera. Es el inicio de la saga catalana de los Grenzner ligada a la expansi\u00f3n de la tienda que prosperar\u00e1 hasta obtener el Sello Real.<\/p>\n<p style=\"text-align: justify;\">A lo largo de 200 a\u00f1os, la familia Grenzner ir\u00e1 emparentando con importantes sagas catalanas, grandes propietarios rurales, ricos menestrales, burgueses de alto rango, de manera que el relato, escrito como una novela basada en 864 documentos originales que datan del 1600 hasta la actualidad, se convierte en un ejemplo paradigm\u00e1tico de como se ha ido formando el tejido social de Catalu\u00f1a desde el siglo XVI hasta hoy.<\/p>\n<p style=\"text-align: justify;\">Uno de los herederos, un personaje ignominioso y despreciable con una vida novelesca<br \/>\ny una muerte dram\u00e1tica, romper\u00e1 con los valores tradicionales de los Grenzner, deshonrando mujer e hijos, y trastocando la historia de la saga de forma triste y dolorosa.<br \/>\n<a href=\"https:\/\/www.laie.es\/es\/libro\/cristalls-de-bohemia\/9788499754574\/575736\">Llibreria Laie<\/a><\/p>\n<p><strong><span style=\"font-size: large;\"><em>recerques<\/em> 2 <\/span><img decoding=\"async\" loading=\"lazy\" class=\"alignright\" src=\"http:\/\/www.lecturavertical.com\/wp-content\/uploads\/2020\/10\/IMG_20201031_214811-203x300.jpg\" alt=\"smart\" width=\"120\" height=\"178\" \/><br \/>\n<\/strong>Zeneida Sard\u00e0:\u00a0<em>La realitat de la \u00abimpressi\u00f3 passada\u00bb.\u00a0 \u00a0 \u00a0 <\/em><br \/>\nButllet\u00ed de la Societat Catalana dels Amics de Marcel Proust<br \/>\nBarcelona, octubre 2020<br \/>\n<a href=\"https:\/\/www.laie.es\/es\/libro\/rev-recerques-vol-2\/9789213528600\/935861\">Llibreria Laie<\/a><\/p>\n<p><strong><span style=\"font-size: large;\"><em>recerques 3<br \/>\n<\/em><\/span><\/strong><span style=\"font-size: large;\">Zeneida Sard\u00e0: <em>Pastiche <\/em>prousti\u00e0<\/span><span style=\"font-size: large;\">.\u00a0<em>Premier amour. \u00a0\u00a0 \u00a0\u00a0 \u00a0\u00a0<\/em><br \/>\nButllet\u00ed de la Societat Catalana dels Amics de Marcel Proust\u00a0 <a href=\"https:\/\/www.lecturavertical.com\/wp-content\/uploads\/2023\/01\/100000006627-268x410-data.jpeg\"><img decoding=\"async\" loading=\"lazy\" class=\" wp-image-6269 alignright\" src=\"https:\/\/www.lecturavertical.com\/wp-content\/uploads\/2023\/01\/100000006627-268x410-data-196x300.jpeg\" alt=\"\" width=\"119\" height=\"182\" srcset=\"https:\/\/www.lecturavertical.com\/wp-content\/uploads\/2023\/01\/100000006627-268x410-data-196x300.jpeg 196w, https:\/\/www.lecturavertical.com\/wp-content\/uploads\/2023\/01\/100000006627-268x410-data.jpeg 268w\" sizes=\"(max-width: 119px) 100vw, 119px\" \/><\/a><br \/>\nBarcelona, octubre 2021.<br \/>\n<a href=\"https:\/\/www.laie.es\/es\/libro\/rev-recerques-vol-3\/2001882\/100000006627\">Llibreria Laie<\/a> <\/span><\/p>\n<\/div>\n","protected":false},"excerpt":{"rendered":"<p>Escribir para vivir mejor \u00bfY si una libreta y un bol\u00edgrafo pudieran cambiar tu vida? Este libro revela algo tan simple como poderoso: que escribir no solo es una forma de comunicarse, sino tambi\u00e9n una herramienta cient\u00edfica y emocional para sanar, entenderse y crecer. Escribir para vivir mejor es una gu\u00eda rigurosa y profundamente humana, [&hellip;]<\/p>\n","protected":false},"author":2,"featured_media":0,"parent":915,"menu_order":0,"comment_status":"closed","ping_status":"closed","template":"","meta":[],"_links":{"self":[{"href":"https:\/\/www.lecturavertical.com\/es\/wp-json\/wp\/v2\/pages\/917"}],"collection":[{"href":"https:\/\/www.lecturavertical.com\/es\/wp-json\/wp\/v2\/pages"}],"about":[{"href":"https:\/\/www.lecturavertical.com\/es\/wp-json\/wp\/v2\/types\/page"}],"author":[{"embeddable":true,"href":"https:\/\/www.lecturavertical.com\/es\/wp-json\/wp\/v2\/users\/2"}],"replies":[{"embeddable":true,"href":"https:\/\/www.lecturavertical.com\/es\/wp-json\/wp\/v2\/comments?post=917"}],"version-history":[{"count":107,"href":"https:\/\/www.lecturavertical.com\/es\/wp-json\/wp\/v2\/pages\/917\/revisions"}],"predecessor-version":[{"id":6477,"href":"https:\/\/www.lecturavertical.com\/es\/wp-json\/wp\/v2\/pages\/917\/revisions\/6477"}],"up":[{"embeddable":true,"href":"https:\/\/www.lecturavertical.com\/es\/wp-json\/wp\/v2\/pages\/915"}],"wp:attachment":[{"href":"https:\/\/www.lecturavertical.com\/es\/wp-json\/wp\/v2\/media?parent=917"}],"curies":[{"name":"wp","href":"https:\/\/api.w.org\/{rel}","templated":true}]}}

<p><strong>Escribir para vivir mejor</strong></p>
<p><span style="color: #808080;"><span style="font-family: Times New Roman, serif;"><span style="font-size: medium;">¿Y si una libreta y un bolígrafo pudieran cambiar tu vida? Este libro revela algo<a href="https://www.lecturavertical.com/wp-content/uploads/2025/06/9788410313866.jpeg"><img decoding="async" loading="lazy" class="wp-image-6427 alignright" src="https://www.lecturavertical.com/wp-content/uploads/2025/06/9788410313866-197x300.jpeg" alt="" width="123" height="187" srcset="https://www.lecturavertical.com/wp-content/uploads/2025/06/9788410313866-197x300.jpeg 197w, https://www.lecturavertical.com/wp-content/uploads/2025/06/9788410313866.jpeg 229w" sizes="(max-width: 123px) 100vw, 123px" /></a><br />
</span></span></span><span style="color: #808080;"><span style="font-family: Times New Roman, serif;"><span style="font-size: medium;">tan simple como poderoso: que escribir no solo es una forma de comunicarse, sino también una herramienta científica y emocional para sanar, entenderse y crecer.<br />
Escribir para vivir mejor es una guía rigurosa y profundamente humana, basada en investigaciones de neurociencia, psicología y filosofía, que demuestra cómo la escritura puede transformar tus emociones, tus pensamientos y tu bienestar.</span></span></span></p>
<p><a href="https://www.casadellibro.com/libro-escribir-para-vivir-mejor/9788410313866/16933726">Casa del Libro </a><br />
<a href="https://www.lacentral.com/sarda-zeneida/escribir-para-vivir-mejor/9788410313866">Llibreria La Central</a><br />
<a href="https://www.laie.es/es/libro/escribir-para-vivir-mejor/2101739/9788410313866">Llibreria Laie</a></p>
<p><strong><span style="color: #808080;"><br />
La Pell Negra:<br />
</span></strong></p>
<div style="width: 640px; clear: left; float: left;">
<p style="text-align: justify;"><span style="color: #808080;">“…Escrita con una prosa neta, clara y muy poética La Pell Negra me ha </span><span style="color: #808080;"><a href="http://www.laie.es/libro/la-pell-negra/704063/978-84-9975-133-7"><img decoding="async" loading="lazy" class="alignright" src="http://www.lecturavertical.com/wp-content/uploads/2013/10/LA-PELL-NEGRA1-187x300-e1385411117314.jpg" alt="LA-PELL-NEGRA1-187x300" width="125" height="200" /></a>seducido desde el principio. Tanto es así que, lo confieso, no he podido evitar subrallar muchas de las frases y descripciones con las que Zeneida Sardà ha construido su libro. Y es que La Pell Negra es una novela que tiene espesor. Espesor intelectual, espesor poético, espesor estilístico y espesor narrativo….”<br />
(Jordi Castelló, editor)</span></p>
<p><span style="color: #808080;">“Historia captivadora que nos adentra en el poliédrico mundo interior de una mujer valiente e idealista, a la vez que nos invita a acompañarla en su búsqueda de las múltiples facetas del amor. ” (Marcela)</span></p>
<p style="text-align: justify;"><span style="color: #808080;">“Me ha gustado mucho porqué es un llibro corto, ágil, que te engancha a la silla y no puedes dejar de leer. Es muy entretenido y el final completamente inesperado!! Francamente, me lo he pasado muy bien!” (Mercader)</span></p>
<p><span style="color: #808080;">Comentarios recogidos en:  <strong>quellegeixes.cat</strong><br />
</span></p>
<p><span style="color: #808080;">El poeta y crítico literario Jordi Llavina conversa con la autora: <strong> «L&#8217;última troballa»</strong></span></p>
<p><span style="color: #808080;"><strong>Encontrarás La Pell Negra en:<br />
</strong></span><a href="https://www.laie.es/es/libro/la-pell-negra/9788499751337/637219">Llibreria Laie</a><br />
<a href="https://www.lacentral.com/book/?id=9788499751337">La Central</a><br />
<a href="https://www.amazon.es/pell-negra-Lo-Marraco/dp/8499751334/ref=sr_1_1?ie=UTF8&amp;qid=1475601048&amp;sr=8-1&amp;keywords=la+pell+negra+zeneida+sarda">Amazone.es</a></p>
<p><span style="color: #808080;"><span style="color: #808080;"><br />
<strong>Cristalls de Bohèmia<br />
</strong></span></span></p>
<p style="text-align: justify;">Vicens Grenzner, un muchacho de 14 años, hijo de unos cristaleros de Bohemia, emigra <a href="http://www.laie.es/libro/cristalls-de-bohemia/961675/978-84-9975-457-4#"><img decoding="async" loading="lazy" class=" wp-image-1513 alignright" src="http://www.lecturavertical.com/wp-content/uploads/2014/03/Portada-web-221x300.png" alt="Cristalls de Bohèmia" width="133" height="180" /></a><br />
el 1814 de su pueblo natal para ir a Barcelona. Con los años pondrá un tienda de cristal, loza y porcelana en el barrio de la Ribera. Es el inicio de la saga catalana de los Grenzner ligada a la expansión de la tienda que prosperará hasta obtener el Sello Real.</p>
<p style="text-align: justify;">A lo largo de 200 años, la familia Grenzner irá emparentando con importantes sagas catalanas, grandes propietarios rurales, ricos menestrales, burgueses de alto rango, de manera que el relato, escrito como una novela basada en 864 documentos originales que datan del 1600 hasta la actualidad, se convierte en un ejemplo paradigmático de como se ha ido formando el tejido social de Cataluña desde el siglo XVI hasta hoy.</p>
<p style="text-align: justify;">Uno de los herederos, un personaje ignominioso y despreciable con una vida novelesca<br />
y una muerte dramática, romperá con los valores tradicionales de los Grenzner, deshonrando mujer e hijos, y trastocando la historia de la saga de forma triste y dolorosa.<br />
<a href="https://www.laie.es/es/libro/cristalls-de-bohemia/9788499754574/575736">Llibreria Laie</a></p>
<p><strong><span style="font-size: large;"><em>recerques</em> 2 </span><img decoding="async" loading="lazy" class="alignright" src="http://www.lecturavertical.com/wp-content/uploads/2020/10/IMG_20201031_214811-203x300.jpg" alt="smart" width="120" height="178" /><br />
</strong>Zeneida Sardà: <em>La realitat de la «impressió passada».      </em><br />
Butlletí de la Societat Catalana dels Amics de Marcel Proust<br />
Barcelona, octubre 2020<br />
<a href="https://www.laie.es/es/libro/rev-recerques-vol-2/9789213528600/935861">Llibreria Laie</a></p>
<p><strong><span style="font-size: large;"><em>recerques 3<br />
</em></span></strong><span style="font-size: large;">Zeneida Sardà: <em>Pastiche </em>proustià</span><span style="font-size: large;">. <em>Premier amour.         </em><br />
Butlletí de la Societat Catalana dels Amics de Marcel Proust  <a href="https://www.lecturavertical.com/wp-content/uploads/2023/01/100000006627-268x410-data.jpeg"><img decoding="async" loading="lazy" class=" wp-image-6269 alignright" src="https://www.lecturavertical.com/wp-content/uploads/2023/01/100000006627-268x410-data-196x300.jpeg" alt="" width="119" height="182" srcset="https://www.lecturavertical.com/wp-content/uploads/2023/01/100000006627-268x410-data-196x300.jpeg 196w, https://www.lecturavertical.com/wp-content/uploads/2023/01/100000006627-268x410-data.jpeg 268w" sizes="(max-width: 119px) 100vw, 119px" /></a><br />
Barcelona, octubre 2021.<br />
<a href="https://www.laie.es/es/libro/rev-recerques-vol-3/2001882/100000006627">Llibreria Laie</a> </span></p>
</div>

<p>Escribir para vivir mejor ¿Y si una libreta y un bolígrafo pudieran cambiar tu vida? Este libro revela algo tan simple como poderoso: que escribir no solo es una forma de comunicarse, sino también una herramienta científica y emocional para sanar, entenderse y crecer. Escribir para vivir mejor es una guía rigurosa y profundamente humana, [&hellip;]</p>
