{"id":1890,"date":"2014-09-08T20:44:04","date_gmt":"2014-09-08T20:44:04","guid":{"rendered":"http:\/\/www.lecturavertical.com\/?page_id=1890"},"modified":"2021-04-12T11:47:05","modified_gmt":"2021-04-12T11:47:05","slug":"bienvenus","status":"publish","type":"page","link":"https:\/\/www.lecturavertical.com\/fr\/inici\/bienvenus\/","title":{"rendered":"Bienvenus"},"content":{"rendered":"<div style=\"padding: 5px 10px 5px 0px; width: 525px; float: left;\">\n<p style=\"text-align: left;\"><span style=\"color: #808080;\"> <strong>BIENVENUS \u00c0 L&rsquo;ESPACE DE LECTURE VERTICALE<br \/>\n<\/strong><\/span><\/p>\n<p><span style=\"color: #808080;\">En 1998,<\/span> <a href=\"http:\/\/www.lecturavertical.com\/zeneida-sarda\/\">Z\u00e9n\u00e9ida Sarda<\/a>, <span style=\"color: #808080;\">m\u00e9decin et philologue, \u00e9labore<br \/>\nune m\u00e9thode nouvelle, <\/span><span style=\"color: #808080;\">la<strong> Lecture Verticale<\/strong>, qui vise \u00e0<\/span><\/p>\n<ul>\n<li><strong><span style=\"color: #808080;\">Renforcer<\/span><\/strong><span style=\"color: #808080;\"> les habilet\u00e9s intellectuelles et \u00e9motionnelles<\/span><\/li>\n<li><span style=\"color: #808080;\"><strong>Augmenter<\/strong> le pouvoir\u00a0 de communication<\/span><\/li>\n<li><span style=\"color: #808080;\"><strong>Stimuler<\/strong> <\/span><span style=\"color: #808080;\">les relations interpersonnelles<\/span><\/li>\n<li><span style=\"color: #808080;\"><strong>Dynamiser <\/strong>la motivation des \u00e9quipes<br \/>\n<\/span><\/li>\n<\/ul>\n<p><span style=\"color: #808080;\">\u00c0\u00a0 partir de la Lecture Verticale naissent les<\/span> <a href=\"https:\/\/www.lecturavertical.com\/fr\/_in-company\/\">Cours<\/a><br \/>\net le<span style=\"color: #808080;\">s<\/span> <a href=\"https:\/\/www.lecturavertical.com\/fr\/ateliers\/\">Ateliers litt\u00e9raires<\/a> <span style=\"color: #808080;\">que nous offrons, depuis plus de 20 ans,<br \/>\ndans diff\u00e9rentes entreprises et organisations.<br \/>\n<\/span><\/p>\n<p><span style=\"color: #808080;\">Notre apport innovateur et notre m\u00e9thodologie sont d\u00e9crits dans le<br \/>\nlivre <\/span><a href=\"https:\/\/www.lacentral.com\/book\/?id=9788473069076\">La Lectura Vertical<\/a> <span style=\"color: #808080;\">de Z\u00e9n\u00e9ida Sarda. Ed. P\u00f2rtic.<\/span><\/p>\n<p>Pour organiser une formation ou un atelier dans votre entreprise<br \/>\nou votre organisation, contactez-nous par e-mail \u00e0<br \/>\n<a href=\"mailto:zeneida.sarda@gmail.com\">zeneida.sarda@gmail.com<\/a><br \/>\nou par t\u00e9l\u00e9phone au +34 699 455 946.<\/p>\n<\/div>\n<div style=\"padding: 5px 10px; width: 216px; float: right; text-align: center;\"><a href=\"http:\/\/www.lecturavertical.com\/wp-content\/uploads\/2014\/07\/Dibuix-bo-e1406046486278.jpg\"><img decoding=\"async\" loading=\"lazy\" class=\"alignnone size-full wp-image-1702\" src=\"http:\/\/www.lecturavertical.com\/wp-content\/uploads\/2014\/07\/Dibuix-bo-e1406046486278.jpg\" alt=\"Dibuix bo\" width=\"150\" height=\"251\" \/><\/a><\/div>\n<div id=\"gtx-trans\" style=\"position: absolute; left: -3px; top: 437px;\"><\/div>\n","protected":false},"excerpt":{"rendered":"<p>BIENVENUS \u00c0 L&rsquo;ESPACE DE LECTURE VERTICALE En 1998, Z\u00e9n\u00e9ida Sarda, m\u00e9decin et philologue, \u00e9labore une m\u00e9thode nouvelle, la Lecture Verticale, qui vise \u00e0 Renforcer les habilet\u00e9s intellectuelles et \u00e9motionnelles Augmenter le pouvoir\u00a0 de communication Stimuler les relations interpersonnelles Dynamiser la motivation des \u00e9quipes \u00c0\u00a0 partir de la Lecture Verticale naissent les Cours et les Ateliers [&hellip;]<\/p>\n","protected":false},"author":2,"featured_media":0,"parent":1879,"menu_order":0,"comment_status":"closed","ping_status":"closed","template":"","meta":[],"_links":{"self":[{"href":"https:\/\/www.lecturavertical.com\/fr\/wp-json\/wp\/v2\/pages\/1890"}],"collection":[{"href":"https:\/\/www.lecturavertical.com\/fr\/wp-json\/wp\/v2\/pages"}],"about":[{"href":"https:\/\/www.lecturavertical.com\/fr\/wp-json\/wp\/v2\/types\/page"}],"author":[{"embeddable":true,"href":"https:\/\/www.lecturavertical.com\/fr\/wp-json\/wp\/v2\/users\/2"}],"replies":[{"embeddable":true,"href":"https:\/\/www.lecturavertical.com\/fr\/wp-json\/wp\/v2\/comments?post=1890"}],"version-history":[{"count":14,"href":"https:\/\/www.lecturavertical.com\/fr\/wp-json\/wp\/v2\/pages\/1890\/revisions"}],"predecessor-version":[{"id":5958,"href":"https:\/\/www.lecturavertical.com\/fr\/wp-json\/wp\/v2\/pages\/1890\/revisions\/5958"}],"up":[{"embeddable":true,"href":"https:\/\/www.lecturavertical.com\/fr\/wp-json\/wp\/v2\/pages\/1879"}],"wp:attachment":[{"href":"https:\/\/www.lecturavertical.com\/fr\/wp-json\/wp\/v2\/media?parent=1890"}],"curies":[{"name":"wp","href":"https:\/\/api.w.org\/{rel}","templated":true}]}}

<div style="padding: 5px 10px 5px 0px; width: 525px; float: left;">
<p style="text-align: left;"><span style="color: #808080;"> <strong>BIENVENUS À L&rsquo;ESPACE DE LECTURE VERTICALE<br />
</strong></span></p>
<p><span style="color: #808080;">En 1998,</span> <a href="http://www.lecturavertical.com/zeneida-sarda/">Zénéida Sarda</a>, <span style="color: #808080;">médecin et philologue, élabore<br />
une méthode nouvelle, </span><span style="color: #808080;">la<strong> Lecture Verticale</strong>, qui vise à</span></p>
<ul>
<li><strong><span style="color: #808080;">Renforcer</span></strong><span style="color: #808080;"> les habiletés intellectuelles et émotionnelles</span></li>
<li><span style="color: #808080;"><strong>Augmenter</strong> le pouvoir  de communication</span></li>
<li><span style="color: #808080;"><strong>Stimuler</strong> </span><span style="color: #808080;">les relations interpersonnelles</span></li>
<li><span style="color: #808080;"><strong>Dynamiser </strong>la motivation des équipes<br />
</span></li>
</ul>
<p><span style="color: #808080;">À  partir de la Lecture Verticale naissent les</span> <a href="https://www.lecturavertical.com/fr/_in-company/">Cours</a><br />
et le<span style="color: #808080;">s</span> <a href="https://www.lecturavertical.com/fr/ateliers/">Ateliers littéraires</a> <span style="color: #808080;">que nous offrons, depuis plus de 20 ans,<br />
dans différentes entreprises et organisations.<br />
</span></p>
<p><span style="color: #808080;">Notre apport innovateur et notre méthodologie sont décrits dans le<br />
livre </span><a href="https://www.lacentral.com/book/?id=9788473069076">La Lectura Vertical</a> <span style="color: #808080;">de Zénéida Sarda. Ed. Pòrtic.</span></p>
<p>Pour organiser une formation ou un atelier dans votre entreprise<br />
ou votre organisation, contactez-nous par e-mail à<br />
<a href="mailto:zeneida.sarda@gmail.com">zeneida.sarda@gmail.com</a><br />
ou par téléphone au +34 699 455 946.</p>
</div>
<div style="padding: 5px 10px; width: 216px; float: right; text-align: center;"><a href="http://www.lecturavertical.com/wp-content/uploads/2014/07/Dibuix-bo-e1406046486278.jpg"><img decoding="async" loading="lazy" class="alignnone size-full wp-image-1702" src="http://www.lecturavertical.com/wp-content/uploads/2014/07/Dibuix-bo-e1406046486278.jpg" alt="Dibuix bo" width="150" height="251" /></a></div>
<div id="gtx-trans" style="position: absolute; left: -3px; top: 437px;"></div>

<p>BIENVENUS À L&rsquo;ESPACE DE LECTURE VERTICALE En 1998, Zénéida Sarda, médecin et philologue, élabore une méthode nouvelle, la Lecture Verticale, qui vise à Renforcer les habiletés intellectuelles et émotionnelles Augmenter le pouvoir  de communication Stimuler les relations interpersonnelles Dynamiser la motivation des équipes À  partir de la Lecture Verticale naissent les Cours et les Ateliers [&hellip;]</p>
