{"id":1911,"date":"2014-09-09T16:42:23","date_gmt":"2014-09-09T16:42:23","guid":{"rendered":"http:\/\/www.lecturavertical.com\/?page_id=1911"},"modified":"2021-03-19T19:30:16","modified_gmt":"2021-03-19T19:30:16","slug":"fonctionnement","status":"publish","type":"page","link":"https:\/\/www.lecturavertical.com\/fr\/_in-company\/lecture-verticale\/fonctionnement\/","title":{"rendered":"Fonctionnement"},"content":{"rendered":"<div style=\"padding: 5px 10px 10px 0px; width: 525px; float: left;\">\n<p align=\"LEFT\"><span style=\"font-family: Times New Roman,serif;\"><span style=\"font-size: medium;\"><img decoding=\"async\" loading=\"lazy\" class=\"alignnone size-full wp-image-211\" alt=\"rubik4\" src=\"http:\/\/www.lecturavertical.com\/wp-content\/uploads\/2013\/10\/rubik4-e1383641477478.jpg\" width=\"449\" height=\"159\" srcset=\"https:\/\/www.lecturavertical.com\/wp-content\/uploads\/2013\/10\/rubik4-e1383641477478.jpg 449w, https:\/\/www.lecturavertical.com\/wp-content\/uploads\/2013\/10\/rubik4-e1383641477478-300x106.jpg 300w\" sizes=\"(max-width: 449px) 100vw, 449px\" \/><br \/> <\/span><\/span><\/p>\n<p align=\"LEFT\"><span style=\"color: #808080;\"><strong>CETTE FORMATION EST ESSENTIELLEMENT PRATIQUE ET PARTICIPATIVE<\/strong><\/span><\/p>\n<p><span style=\"color: #808080;\">Elle se d\u00e9veloppe comme\u00a0 un<strong> jeu de d\u00e9couverte<\/strong> stimulant.<\/span><\/p>\n<p><span style=\"color: #808080;\">\u00c0 travers le<strong> travail mental<\/strong> r\u00e9alis\u00e9 avec des textes courts et diff\u00e9rents \u00e0 chaque s\u00e9ance, on met l&rsquo;accent sur des aspects \u00e9motionnels, psychologiques et intellectuels des assistants. <br \/><\/span><\/p>\n<p><span style=\"color: #ff9900;\"><b>\u00c9motionnels:<\/b><\/span><b> <\/b>La recherche du m\u00eame objectif faite en commun, en petits groupes, lib\u00e8re le \u00ab\u00a0masque\u00a0\u00bb social ou professionnel, et favorise l&rsquo;<strong>expression spontann\u00e9e des participants,<\/strong> cr\u00e9ant une syntonie de groupe (communication empathique) qui favorise la connaissance interpersonnelle.<\/p>\n<p><span style=\"color: #ff9900;\"><b>Psychologiques:<\/b><\/span><b> <\/b>l&rsquo;effort de concentration qu&rsquo;impliquent les exercices<br \/>mentaux effectu\u00e9s avec la Lecture Verticale, a une<strong> fonction anti-stress<\/strong> pour les participants soumis \u00e0 un travail de responsabilit\u00e9 et une <strong>fonction stimulante<\/strong> et <strong>motivante <\/strong>pour ceux qui exercent un travail routinier et monotone.\u00a0<\/p>\n<p><span style=\"color: #ff9900;\"><b>Intellectuels:<\/b><\/span><b> <\/b>le travail avec le langage ainsi que la r\u00e9solution du \u00ab\u00a0conflict-texte\u00a0\u00bb par un sch\u00e9ma synth\u00e9tique, aide \u00e0 <strong>structurer la pens\u00e9e<\/strong> et \u00e0 <strong>am\u00e9liorer l&rsquo;\u00e9criture.<\/strong><\/p>\n<p><span style=\"color: #ff9900;\"><b>Le groupe:<\/b><\/span><b> <\/b>Cette m\u00e9thode, accessible \u00e0 tout le monde, permet d&rsquo;inclure, dans un m\u00eame groupe, diff\u00e9rentes cat\u00e9gories professionnelles, <strong>supprimant des barri\u00e8res<\/strong> qui rendent difficiles les relations interpersonnelless. Le succ\u00e8s est d\u00fb \u00e0 la collaboration et \u00e0 l&rsquo;\u00e9coute active entre les diff\u00e9rentes persones qui forment le groupe.<\/p>\n<p><span style=\"color: #ff9900;\"><b>La cr\u00e9ativit\u00e9:<\/b><\/span><b> <\/b>La r\u00e9solution finale du texte met en jeu et stimule la capacit\u00e9 cr\u00e9ative. Elle est le r\u00e9sultat de la somme: \u00ab\u00a0<strong>observation + iniciative + imagination<\/strong>\u00ab\u00a0.<\/p>\n<p align=\"LEFT\"><span style=\"color: #808080;\"><strong><\/strong>La formation a lieu <strong>dans l&rsquo;entreprise<\/strong> et toujours dans l\u2019horaire de travail.<br \/>Elle se r\u00e9alise <strong>par petits groupes<\/strong>. Le nombre id\u00e9al de participants est <br \/><strong>entre 10 et 12 personnes <\/strong><\/span><span style=\"color: #808080;\">mais nous nous adaptons aux besoins de chaque organisation. Les s\u00e9ances ont une dur\u00e9e de <strong>deux heures<\/strong>. <br \/>Le travail est progressif et s&rsquo;\u00e9tend sur un total de\u00a0 <\/span><span style=\"color: #808080;\"><strong>8 s\u00e9ances<\/strong>.<\/span><\/p>\n<p><span style=\"color: #808080;\">Nous pouvons cependant modifier la dur\u00e9e de la formation en fonction <br \/>de la disponibilit\u00e9 des participants.<\/span><\/p>\n<div style=\"padding: 5px 10px; width: 380px; float: left;\">\n<div style=\"border: 1px solid #FF950E; padding: 5px 10px; width: 363px;\">Pour organiser cette formation dans votre entreprise,<br \/> <span style=\"color: #808080;\"> contactez avec nous par e-mail\u00a0<\/span><br \/><a href=\"mailto:zeneida.sarda@gmail.com\">zeneida.sarda@gmail.com<\/a>\u00a0<span style=\"color: #808080;\">ou<\/span><br \/> <span style=\"color: #808080;\"> par t\u00e9l\u00e9phone au +34 699 455 946 (Barcelone).<\/span><\/div>\n<\/div>\n<div style=\"padding: 30px 10px 0px 10px; width: 132px; float: right; text-align: center;\"><a href=\"http:\/\/www.lecturavertical.com\/wp-content\/uploads\/2014\/10\/L.V._en_5_points.pdf\"><img decoding=\"async\" loading=\"lazy\" class=\"alignnone size-full wp-image-620\" alt=\"PDF\" src=\"http:\/\/www.lecturavertical.com\/wp-content\/uploads\/2013\/10\/PDF-e1383566097345.png\" width=\"40\" height=\"40\" \/><\/a><span style=\"float: right; width: 50px; line-height: 16px; margin-top: 10px; margin-left: 0px;\"><a href=\"http:\/\/www.lecturavertical.com\/wp-content\/uploads\/2014\/10\/L.V._en_5_points.pdf\">L.V. en 5 points<\/a><\/span><\/div>\n<style type=\"text\/css\"><!--\nP { margin-bottom: 0.21cm; }\n--><\/style>\n<\/div>\n","protected":false},"excerpt":{"rendered":"<p>CETTE FORMATION EST ESSENTIELLEMENT PRATIQUE ET PARTICIPATIVE Elle se d\u00e9veloppe comme\u00a0 un jeu de d\u00e9couverte stimulant. \u00c0 travers le travail mental r\u00e9alis\u00e9 avec des textes courts et diff\u00e9rents \u00e0 chaque s\u00e9ance, on met l&rsquo;accent sur des aspects \u00e9motionnels, psychologiques et intellectuels des assistants. \u00c9motionnels: La recherche du m\u00eame objectif faite en commun, en petits groupes, [&hellip;]<\/p>\n","protected":false},"author":2,"featured_media":0,"parent":1900,"menu_order":0,"comment_status":"closed","ping_status":"closed","template":"","meta":[],"_links":{"self":[{"href":"https:\/\/www.lecturavertical.com\/fr\/wp-json\/wp\/v2\/pages\/1911"}],"collection":[{"href":"https:\/\/www.lecturavertical.com\/fr\/wp-json\/wp\/v2\/pages"}],"about":[{"href":"https:\/\/www.lecturavertical.com\/fr\/wp-json\/wp\/v2\/types\/page"}],"author":[{"embeddable":true,"href":"https:\/\/www.lecturavertical.com\/fr\/wp-json\/wp\/v2\/users\/2"}],"replies":[{"embeddable":true,"href":"https:\/\/www.lecturavertical.com\/fr\/wp-json\/wp\/v2\/comments?post=1911"}],"version-history":[{"count":31,"href":"https:\/\/www.lecturavertical.com\/fr\/wp-json\/wp\/v2\/pages\/1911\/revisions"}],"predecessor-version":[{"id":5180,"href":"https:\/\/www.lecturavertical.com\/fr\/wp-json\/wp\/v2\/pages\/1911\/revisions\/5180"}],"up":[{"embeddable":true,"href":"https:\/\/www.lecturavertical.com\/fr\/wp-json\/wp\/v2\/pages\/1900"}],"wp:attachment":[{"href":"https:\/\/www.lecturavertical.com\/fr\/wp-json\/wp\/v2\/media?parent=1911"}],"curies":[{"name":"wp","href":"https:\/\/api.w.org\/{rel}","templated":true}]}}

<div style="padding: 5px 10px 10px 0px; width: 525px; float: left;">
<p align="LEFT"><span style="font-family: Times New Roman,serif;"><span style="font-size: medium;"><img decoding="async" loading="lazy" class="alignnone size-full wp-image-211" alt="rubik4" src="http://www.lecturavertical.com/wp-content/uploads/2013/10/rubik4-e1383641477478.jpg" width="449" height="159" srcset="https://www.lecturavertical.com/wp-content/uploads/2013/10/rubik4-e1383641477478.jpg 449w, https://www.lecturavertical.com/wp-content/uploads/2013/10/rubik4-e1383641477478-300x106.jpg 300w" sizes="(max-width: 449px) 100vw, 449px" /><br /> </span></span></p>
<p align="LEFT"><span style="color: #808080;"><strong>CETTE FORMATION EST ESSENTIELLEMENT PRATIQUE ET PARTICIPATIVE</strong></span></p>
<p><span style="color: #808080;">Elle se développe comme  un<strong> jeu de découverte</strong> stimulant.</span></p>
<p><span style="color: #808080;">À travers le<strong> travail mental</strong> réalisé avec des textes courts et différents à chaque séance, on met l&rsquo;accent sur des aspects émotionnels, psychologiques et intellectuels des assistants. <br /></span></p>
<p><span style="color: #ff9900;"><b>Émotionnels:</b></span><b> </b>La recherche du même objectif faite en commun, en petits groupes, libère le « masque » social ou professionnel, et favorise l&rsquo;<strong>expression spontannée des participants,</strong> créant une syntonie de groupe (communication empathique) qui favorise la connaissance interpersonnelle.</p>
<p><span style="color: #ff9900;"><b>Psychologiques:</b></span><b> </b>l&rsquo;effort de concentration qu&rsquo;impliquent les exercices<br />mentaux effectués avec la Lecture Verticale, a une<strong> fonction anti-stress</strong> pour les participants soumis à un travail de responsabilité et une <strong>fonction stimulante</strong> et <strong>motivante </strong>pour ceux qui exercent un travail routinier et monotone. </p>
<p><span style="color: #ff9900;"><b>Intellectuels:</b></span><b> </b>le travail avec le langage ainsi que la résolution du « conflict-texte » par un schéma synthétique, aide à <strong>structurer la pensée</strong> et à <strong>améliorer l&rsquo;écriture.</strong></p>
<p><span style="color: #ff9900;"><b>Le groupe:</b></span><b> </b>Cette méthode, accessible à tout le monde, permet d&rsquo;inclure, dans un même groupe, différentes catégories professionnelles, <strong>supprimant des barrières</strong> qui rendent difficiles les relations interpersonnelless. Le succès est dû à la collaboration et à l&rsquo;écoute active entre les différentes persones qui forment le groupe.</p>
<p><span style="color: #ff9900;"><b>La créativité:</b></span><b> </b>La résolution finale du texte met en jeu et stimule la capacité créative. Elle est le résultat de la somme: « <strong>observation + iniciative + imagination</strong>« .</p>
<p align="LEFT"><span style="color: #808080;"><strong></strong>La formation a lieu <strong>dans l&rsquo;entreprise</strong> et toujours dans l’horaire de travail.<br />Elle se réalise <strong>par petits groupes</strong>. Le nombre idéal de participants est <br /><strong>entre 10 et 12 personnes </strong></span><span style="color: #808080;">mais nous nous adaptons aux besoins de chaque organisation. Les séances ont une durée de <strong>deux heures</strong>. <br />Le travail est progressif et s&rsquo;étend sur un total de  </span><span style="color: #808080;"><strong>8 séances</strong>.</span></p>
<p><span style="color: #808080;">Nous pouvons cependant modifier la durée de la formation en fonction <br />de la disponibilité des participants.</span></p>
<div style="padding: 5px 10px; width: 380px; float: left;">
<div style="border: 1px solid #FF950E; padding: 5px 10px; width: 363px;">Pour organiser cette formation dans votre entreprise,<br /> <span style="color: #808080;"> contactez avec nous par e-mail </span><br /><a href="mailto:zeneida.sarda@gmail.com">zeneida.sarda@gmail.com</a> <span style="color: #808080;">ou</span><br /> <span style="color: #808080;"> par téléphone au +34 699 455 946 (Barcelone).</span></div>
</div>
<div style="padding: 30px 10px 0px 10px; width: 132px; float: right; text-align: center;"><a href="http://www.lecturavertical.com/wp-content/uploads/2014/10/L.V._en_5_points.pdf"><img decoding="async" loading="lazy" class="alignnone size-full wp-image-620" alt="PDF" src="http://www.lecturavertical.com/wp-content/uploads/2013/10/PDF-e1383566097345.png" width="40" height="40" /></a><span style="float: right; width: 50px; line-height: 16px; margin-top: 10px; margin-left: 0px;"><a href="http://www.lecturavertical.com/wp-content/uploads/2014/10/L.V._en_5_points.pdf">L.V. en 5 points</a></span></div>
<style type="text/css"><!--
P { margin-bottom: 0.21cm; }
--></style>
</div>

<p>CETTE FORMATION EST ESSENTIELLEMENT PRATIQUE ET PARTICIPATIVE Elle se développe comme  un jeu de découverte stimulant. À travers le travail mental réalisé avec des textes courts et différents à chaque séance, on met l&rsquo;accent sur des aspects émotionnels, psychologiques et intellectuels des assistants. Émotionnels: La recherche du même objectif faite en commun, en petits groupes, [&hellip;]</p>
