{"id":1945,"date":"2014-09-10T15:37:59","date_gmt":"2014-09-10T15:37:59","guid":{"rendered":"http:\/\/www.lecturavertical.com\/?page_id=1945"},"modified":"2017-05-04T11:09:56","modified_gmt":"2017-05-04T11:09:56","slug":"ses-collaborations","status":"publish","type":"page","link":"https:\/\/www.lecturavertical.com\/fr\/z%c3%a9n%c3%a9ida-sarda\/ses-collaborations\/","title":{"rendered":"Les collaborations"},"content":{"rendered":"<style type=\"text\/css\"><!--\nP { margin-bottom: 0.21cm; }\n--><\/style>\n<p><span style=\"color: #808080;\"><strong><span style=\"font-family: Times New Roman,serif;\"><span style=\"font-size: medium;\"><b>LES <\/b><\/span><\/span><\/strong><strong><\/strong><strong><span style=\"font-family: Times New Roman,serif;\"><span style=\"font-size: medium;\"><b>COLLABORATIONS<\/b><\/span><\/span><\/strong><\/span><\/p>\n<ul>\n<li>Universit\u00e9 de Barcelona.<\/li>\n<\/ul>\n<ul>\n<li>Eurecat &#8211; Centre Technologique de Catalogne.<\/li>\n<\/ul>\n<ul>\n<li>Col.legi Oficial de Doctors i Llicenciats de Catalunya.<\/li>\n<\/ul>\n<ul>\n<li>TRIVIUM Gesti\u00f3 Cultural<\/li>\n<\/ul>\n<ul>\n<li>Centre P\u00e9nitentiaire Brians 1.<\/li>\n<\/ul>\n<ul>\n<li><span style=\"color: #808080;\">M\u00e0ster en Educaci\u00f3 Emocional i Benestar. Facultat de Pedagogia. Universitat de Barcelona.<\/span><\/li>\n<\/ul>\n<ul>\n<li><span style=\"color: #808080;\">M\u00e0ster en \u201cIntel.lig\u00e8ncia Emocional a les Organitzacions\u201d. Universitat de Barcelona.<\/span><\/li>\n<\/ul>\n<ul>\n<li><span style=\"color: #808080;\">M\u00e0ster en \u00ab\u00a0Psicoter\u00e0pia de Grup\u00a0\u00bb. Universitat Aut\u00f2noma de Barcelona.<\/span><\/li>\n<\/ul>\n<ul>\n<li><span style=\"color: #808080;\">Institut Gestalt de Barcelona. \u201cTerapia grupal y desarrollo personal\u201d.<br \/> <\/span><\/li>\n<\/ul>\n<ul>\n<li><span style=\"color: #808080;\">Tallers de la Fundaci\u00f3 per a l\u2019Educaci\u00f3 Emocional.<\/span><\/li>\n<\/ul>\n<ul>\n<li><span style=\"color: #808080;\">Diari AVUI.<br \/> <\/span><\/li>\n<\/ul>\n<ul>\n<li><span style=\"color: #808080;\">Membre del jurat de <em>Serra<\/em><em> <\/em><em>d\u00b4Or<\/em><em> <\/em>que atorga els premis \u201cCrida als escriptors joves\u201d.<\/span><\/li>\n<\/ul>\n<ul>\n<li><span style=\"color: #808080;\">Setmanari <em>El<\/em><em> <\/em><em>Temps.<\/em><\/span><\/li>\n<\/ul>\n<ul>\n<li><span style=\"color: #808080;\"><em><\/em>Revista <em>Cultura<\/em><em> <\/em>del Departament de Cultura de la Generalitat<em>.<\/em><\/span><\/li>\n<\/ul>\n<ul>\n<li><span style=\"color: #808080;\"><em><\/em>Revista <em>Butllet\u00ed<\/em><em> <\/em><em>dels<\/em><em> <\/em><em>Mestres<\/em><em> <\/em>del Departament d\u00b4Ensenyament de la Generalitat.<\/span><\/li>\n<\/ul>\n<ul>\n<li><span style=\"color: #808080;\"><em><\/em>Col\u00b7laboradora de la revista cultural <em>Serra<\/em><em> <\/em><em>d<\/em><em>\u2019<\/em><em>Or.<\/em><\/span><\/li>\n<\/ul>\n","protected":false},"excerpt":{"rendered":"<p>LES COLLABORATIONS Universit\u00e9 de Barcelona. Eurecat &#8211; Centre Technologique de Catalogne. Col.legi Oficial de Doctors i Llicenciats de Catalunya. TRIVIUM Gesti\u00f3 Cultural Centre P\u00e9nitentiaire Brians 1. M\u00e0ster en Educaci\u00f3 Emocional i Benestar. Facultat de Pedagogia. Universitat de Barcelona. M\u00e0ster en \u201cIntel.lig\u00e8ncia Emocional a les Organitzacions\u201d. Universitat de Barcelona. M\u00e0ster en \u00ab\u00a0Psicoter\u00e0pia de Grup\u00a0\u00bb. Universitat Aut\u00f2noma [&hellip;]<\/p>\n","protected":false},"author":2,"featured_media":0,"parent":1941,"menu_order":0,"comment_status":"closed","ping_status":"closed","template":"","meta":[],"_links":{"self":[{"href":"https:\/\/www.lecturavertical.com\/fr\/wp-json\/wp\/v2\/pages\/1945"}],"collection":[{"href":"https:\/\/www.lecturavertical.com\/fr\/wp-json\/wp\/v2\/pages"}],"about":[{"href":"https:\/\/www.lecturavertical.com\/fr\/wp-json\/wp\/v2\/types\/page"}],"author":[{"embeddable":true,"href":"https:\/\/www.lecturavertical.com\/fr\/wp-json\/wp\/v2\/users\/2"}],"replies":[{"embeddable":true,"href":"https:\/\/www.lecturavertical.com\/fr\/wp-json\/wp\/v2\/comments?post=1945"}],"version-history":[{"count":12,"href":"https:\/\/www.lecturavertical.com\/fr\/wp-json\/wp\/v2\/pages\/1945\/revisions"}],"predecessor-version":[{"id":4232,"href":"https:\/\/www.lecturavertical.com\/fr\/wp-json\/wp\/v2\/pages\/1945\/revisions\/4232"}],"up":[{"embeddable":true,"href":"https:\/\/www.lecturavertical.com\/fr\/wp-json\/wp\/v2\/pages\/1941"}],"wp:attachment":[{"href":"https:\/\/www.lecturavertical.com\/fr\/wp-json\/wp\/v2\/media?parent=1945"}],"curies":[{"name":"wp","href":"https:\/\/api.w.org\/{rel}","templated":true}]}}

<style type="text/css"><!--
P { margin-bottom: 0.21cm; }
--></style>
<p><span style="color: #808080;"><strong><span style="font-family: Times New Roman,serif;"><span style="font-size: medium;"><b>LES </b></span></span></strong><strong></strong><strong><span style="font-family: Times New Roman,serif;"><span style="font-size: medium;"><b>COLLABORATIONS</b></span></span></strong></span></p>
<ul>
<li>Université de Barcelona.</li>
</ul>
<ul>
<li>Eurecat &#8211; Centre Technologique de Catalogne.</li>
</ul>
<ul>
<li>Col.legi Oficial de Doctors i Llicenciats de Catalunya.</li>
</ul>
<ul>
<li>TRIVIUM Gestió Cultural</li>
</ul>
<ul>
<li>Centre Pénitentiaire Brians 1.</li>
</ul>
<ul>
<li><span style="color: #808080;">Màster en Educació Emocional i Benestar. Facultat de Pedagogia. Universitat de Barcelona.</span></li>
</ul>
<ul>
<li><span style="color: #808080;">Màster en “Intel.ligència Emocional a les Organitzacions”. Universitat de Barcelona.</span></li>
</ul>
<ul>
<li><span style="color: #808080;">Màster en « Psicoteràpia de Grup ». Universitat Autònoma de Barcelona.</span></li>
</ul>
<ul>
<li><span style="color: #808080;">Institut Gestalt de Barcelona. “Terapia grupal y desarrollo personal”.<br /> </span></li>
</ul>
<ul>
<li><span style="color: #808080;">Tallers de la Fundació per a l’Educació Emocional.</span></li>
</ul>
<ul>
<li><span style="color: #808080;">Diari AVUI.<br /> </span></li>
</ul>
<ul>
<li><span style="color: #808080;">Membre del jurat de <em>Serra</em><em> </em><em>d´Or</em><em> </em>que atorga els premis “Crida als escriptors joves”.</span></li>
</ul>
<ul>
<li><span style="color: #808080;">Setmanari <em>El</em><em> </em><em>Temps.</em></span></li>
</ul>
<ul>
<li><span style="color: #808080;"><em></em>Revista <em>Cultura</em><em> </em>del Departament de Cultura de la Generalitat<em>.</em></span></li>
</ul>
<ul>
<li><span style="color: #808080;"><em></em>Revista <em>Butlletí</em><em> </em><em>dels</em><em> </em><em>Mestres</em><em> </em>del Departament d´Ensenyament de la Generalitat.</span></li>
</ul>
<ul>
<li><span style="color: #808080;"><em></em>Col·laboradora de la revista cultural <em>Serra</em><em> </em><em>d</em><em>’</em><em>Or.</em></span></li>
</ul>

<p>LES COLLABORATIONS Université de Barcelona. Eurecat &#8211; Centre Technologique de Catalogne. Col.legi Oficial de Doctors i Llicenciats de Catalunya. TRIVIUM Gestió Cultural Centre Pénitentiaire Brians 1. Màster en Educació Emocional i Benestar. Facultat de Pedagogia. Universitat de Barcelona. Màster en “Intel.ligència Emocional a les Organitzacions”. Universitat de Barcelona. Màster en « Psicoteràpia de Grup ». Universitat Autònoma [&hellip;]</p>
